 2*o - 19*y = -17*y + 48. What is the units digit of o?
7
Let x(t) = 108*t - 21. What is the hundreds digit of x(4)?
4
Let y(i) = 16*i - 2. Let g be y(2). Let v = 47 - g. What is the tens digit of v?
1
Let d(u) = 2*u**2 - 10*u + 2. Let n be d(-6). Let o = n - 62. What is the tens digit of o?
7
Suppose 0*w - 3*d = w + 1513, w + 1508 = -2*d. Let p be (-4)/6 + w/(-42). Suppose -5*j - 5 = -p. What is the units digit of j?
6
Let d be 35/20 - (-6)/(-8). What is the hundreds digit of 1/(0/d + 17/3944)?
2
What is the hundreds digit of 2/6 + (-86564)/(-228)?
3
Let i(z) = 14*z**3 - 2*z**2 - 6*z + 15. Let l(y) = -2*y + 9*y**2 - 5*y**2 + 5 + 5*y**3 - 5*y**2. Let p(f) = -4*i(f) + 11*l(f). What is the units digit of p(-5)?
5
Let k(s) = s + 11. Let i(z) = 3*z + 17. Let l(p) = 11*p + 2. Let x be l(-1). Let q be i(x). What is the units digit of k(q)?
1
Suppose 0 = 3*t - 5 - 4. Suppose -2*x - 5*l + 550 = 0, -x - 3*l + 135 = -138. Suppose -t*b - x = -8*b. What is the units digit of b?
7
Let s(f) = -f**2 - 8*f + 11. Let v be s(-7). Let r(o) = 11*o - 1. Let q be r(-1). Let l = v + q. What is the units digit of l?
6
Suppose 7*v - 2*v = -3*h - 3, 5*h + 5*v = -15. What is the tens digit of 2*h/(-4) - -49?
5
Let g = 70 + 18. Suppose t = 5*t - g. Suppose 2*q = q + t. What is the tens digit of q?
2
Let x(o) = -91*o**3 - o**2 + 2*o + 3. What is the units digit of x(-1)?
1
Let b(f) = 3*f**2 - 552 + 565 - 4*f**2 - 10*f. What is the tens digit of b(-10)?
1
Suppose -h + 99 = -56. Suppose 5*d - 90 = h. What is the units digit of d?
9
Suppose -t + 4*d = -2*t + 1427, 2*d = -4*t + 5708. What is the tens digit of t?
2
Let h be (-172)/6*15/(-10). Suppose 3*q - 224 = h. What is the tens digit of q?
8
Suppose -1677 = -10*t + 7*t. What is the tens digit of t?
5
Let y be (-31 + 11)*2/(-5). Suppose 834 + 870 = y*o. What is the units digit of o?
3
Suppose -2674 = -3*p + 5*r, 60*r + 914 = p + 64*r. What is the units digit of p?
8
Let v = 30 + 27. Suppose 8*j - 180 = 2*j. Let s = v - j. What is the tens digit of s?
2
Suppose -2*y - 3 + 11 = 0. Suppose 36 = 4*r - 2*s + 4*s, -y*s - 32 = -5*r. Let l = r - 1. What is the units digit of l?
7
Let z(q) = -8*q - 17. Let u be z(-17). Suppose -6*i + 2*i = v - 28, 5*v = i + u. What is the tens digit of v*(14/8 + 1)?
6
Suppose 2*t = 2*b + 4*t - 48, 0 = b - 5*t - 18. What is the units digit of 640/14 + b/7 + -3?
6
Suppose -9*p = -7*p - 48. Let g = p - -70. What is the tens digit of g?
9
Let d be ((-4)/(-8))/(1/(-2)). Let j(y) = -3*y. Let g be j(d). Suppose 0 = -0*m - g*m + 18. What is the units digit of m?
6
Suppose -17*g + 14617 = -53247. What is the tens digit of g?
9
Let o = -9 + 5. What is the tens digit of (-53)/o + (-2)/8?
1
Suppose 4*d + 165 = -d. Let m = d + 60. What is the tens digit of m?
2
Suppose -108 = 4*z - 8*z. Suppose 8*d - 141 = -45. Let o = d + z. What is the units digit of o?
9
Suppose -3*g + 0 = -6. Suppose 0*z - g*b + 43 = 5*z, -5*b + 22 = 3*z. Suppose 58 = z*m - 8*m. What is the units digit of m?
8
What is the tens digit of 33/(-6)*218/(0 - 1)?
9
Let o(a) = -16*a + 918. What is the tens digit of o(0)?
1
Let j(u) = u**3 + 12*u**2 - 17*u - 10. What is the tens digit of j(-10)?
6
Let j(a) = a**2 + 7*a + 3. Let y be j(-7). Suppose y = 2*t - 89. What is the tens digit of t?
4
Let t(g) = -g**3 - 5*g**2 - 5*g + 1. Let c be t(-4). Suppose 3*a - 2*a + c*i = -25, -70 = 4*a + 5*i. Let y = a - -32. What is the tens digit of y?
1
Let y be (1/(-1))/(3/(163 - 1)). Let z = y + 133. What is the units digit of z?
9
Let o(y) = 168*y - 290. What is the hundreds digit of o(4)?
3
Let y(p) = -p + 11. Let x be y(7). Suppose -3*g - 2*o = -499, -o = -5*g + x*g + 158. What is the tens digit of g?
6
Let n = -458 + 1353. What is the units digit of n?
5
Let g be -2 + 5 + -3 - -602. Suppose h + g = 8*h. What is the units digit of h?
6
Let i be (-63)/28*1*-36. Suppose 0 = 5*x - i - 19. Let h = 34 - x. What is the units digit of h?
4
Let x(q) = 538*q - 140. What is the tens digit of x(5)?
5
Let d be 4/6*(-8 + 5 + -3). What is the units digit of -4 - -5 - -2*(-134)/d?
8
Let x(u) = -7 - 2*u - 4*u**2 + 2 + 11*u**2. What is the units digit of x(-4)?
5
Suppose 0 = 2*u + 3*u + 565. Let i = 166 + u. What is the tens digit of i?
5
Let w(u) = -u**3 - u - 73. Let o(d) = 5*d**3 + 5*d + 292. Let x(h) = -2*o(h) - 9*w(h). What is the tens digit of x(0)?
7
Let z be ((-15)/(-12))/(4/(-16)). Let h be 32/z + 8/20. Let b = h - -23. What is the tens digit of b?
1
Let z(a) = 3*a + 4. Let h be z(-7). Let d be -3*1/(3/(-18)). Let p = h + d. What is the units digit of p?
1
Let j = 138 + -144. Let v = j + 114. What is the tens digit of v?
0
What is the hundreds digit of 16/56 - 11/((-231)/3312)?
1
Let j = -17 + 27. Let z be (-36)/5 + 2/j. Let s = -3 - z. What is the units digit of s?
4
Suppose -2*j - 574 = -3*s, -2*j = -3*s - 5*j + 579. What is the units digit of s?
2
Suppose 5*v = 5*y - 15, y - 4 = -3*v - 1. Let k = -48 + 30. What is the units digit of (-1)/y - 240/k?
3
Let m = -6114 + 11830. What is the thousands digit of m?
5
Let n be (-4)/(45/20 - (-1)/(-4)). What is the units digit of 18*((-3)/n - -3)?
1
Let h be ((-2)/(-6))/((-3)/(-27)). Suppose -g - h + 5 = 0. Let t(w) = 11*w**2 + 2*w. What is the tens digit of t(g)?
4
Suppose q - 2*k = 4*q - 54, q + 3*k - 25 = 0. Suppose 4*h - 4 = q. Suppose h*p = 3*p + 34. What is the units digit of p?
7
Let t(y) = y**3 + 6*y**2 - 6*y + 9. Let x be t(-7). Suppose 0 = -0*p + x*p - 94. Let w = p - 29. What is the tens digit of w?
1
Suppose -1740 = -4*n - n. What is the hundreds digit of n?
3
Suppose 898 + 1086 = 8*s. What is the tens digit of s?
4
Let w(y) = y. Let u(c) = -16*c + 4. Let h(q) = 2*u(q) + 22*w(q). Let r(a) = a**2 - 8*a + 12. Let j be r(4). What is the tens digit of h(j)?
4
Let g(r) = r**3 + 12*r**2 + r + 10. Let a be g(-12). Let m be 3*(10/6 + a). What is the units digit of (-2 - m)/(4/(-24))?
6
Let q = -8 - -10. Suppose q*i - 572 = -200. What is the tens digit of i?
8
Let q = 15 - 12. Let c(h) = 1 + h**3 - 1 + q*h + h**2 + 5 - 6*h**2. What is the units digit of c(4)?
1
Let n(c) = -540*c**3 - c**2 - 2*c. What is the tens digit of n(-1)?
4
Let n = -2245 - -3247. What is the thousands digit of n?
1
What is the tens digit of 300/(-50) + (-1840)/(-1)?
3
Suppose 5*v = -3 + 73. What is the tens digit of v?
1
Let y be 14/49 - (-626)/14. What is the tens digit of y*((-19)/(-5) - 3)?
3
Let p(b) = 37*b**2 - 12*b + 26. What is the hundreds digit of p(5)?
8
Let o = -22 + 22. Suppose o = -2*l - l. Suppose f - 30 + 3 = l. What is the units digit of f?
7
Suppose 339*f + 1725 = 344*f. What is the tens digit of f?
4
Let t = 1515 - 816. What is the units digit of t?
9
Let l = -872 - -1264. What is the hundreds digit of l?
3
Let d(k) = 2*k**2 - 3*k - 89. Let j be d(0). Let r = 130 + j. What is the tens digit of r?
4
What is the units digit of ((-5940)/(-12))/(-9)*(1 - 6)?
5
Let a = -178 - -328. What is the tens digit of (0 + 1)/(11/(-33)) + a?
4
Let l = 37 - 27. Suppose 4*s + l = 26. Suppose -v + 4*w + 22 = 0, s*v + 74 - 192 = w. What is the tens digit of v?
3
Let n(d) = -d**2 + d. Let b(k) = 2*k**3 + 5*k**2 + 13*k - 6. Let v(y) = -b(y) + 5*n(y). What is the units digit of v(-6)?
6
Let m(r) = 155*r**2 - 13*r - 65. What is the units digit of m(-4)?
7
Suppose -76 = 3*s - 7*s. Suppose -2*h + 6*h = 84. Suppose -44 - s = -3*c + w, c - 2*w = h. What is the tens digit of c?
2
Let v be (-1)/(2 - (-22)/(-10)). Suppose 0 = v*l - 2*l + 12. What is the tens digit of 2*l/8*-20?
2
Let r(v) = -13*v**2 + v - 1. Let i = 11 - 10. Let t be r(i). Let l = -8 - t. What is the units digit of l?
5
Let h(t) = 3*t**2 + 20*t - 11. Let v be h(-8). Suppose -z = -119 + v. What is the tens digit of z?
9
Suppose 4*q + 3 = -5, -3*q + 234 = -4*x. Let j(m) = -3*m - 19. Let h be j(5). Let c = h - x. What is the tens digit of c?
2
Suppose -g + 1159 = 23*u - 21*u, 3*g + 4*u - 3469 = 0. What is the tens digit of g?
5
Suppose 0*b = -5*b + 10. Suppose b*t = -3 + 7. What is the units digit of t?
2
Let g = -44 + 34. What is the units digit of g/25 - 62/(-5)?
2
Let l = 82 - -27. Suppose 2*g + 4*i = i + l, -4*g + 248 = -4*i. What is the tens digit of g?
5
Let a(r) = 2*r**2 + 16*r + 53. What is the hundreds digit of a(-23)?
7
Let z(u) = 2*u**2 - 7*u - 16. Suppose 7*n = -n + 56. What is the u